 number?
False
Suppose 0 = -3*r - r - 104. Let i be -55 - ((-7)/(-4) - (-1)/4). Let w = r - i. Is w a composite number?
False
Suppose -2*z + 6 = -3*l, -l + 5*z - 4 = l. Is (l - -1)/(2/(-118)) composite?
False
Suppose 4*n + 0 = 24. Let d(o) = 23*o + 7. Is d(n) a prime number?
False
Let i(g) = -6*g + 17. Is i(-6) prime?
True
Suppose 4*k = -104 + 452. Is k a prime number?
False
Suppose -333 = -3*v - 3*j, 4*j + j + 505 = 5*v. Let l = -39 + v. Is l a composite number?
False
Let s be 1*1/(-5)*-5. Let i = 1 - s. Suppose -140 = -4*b - i*b. Is b prime?
False
Suppose w - 804 = y, 3*w - w - 1605 = -y. Let g = w + -544. Is g composite?
True
Is (20/(-5) + 2)*2110/(-4) a composite number?
True
Suppose o = -b + 3, -2*b + o = -2*o + 19. Let m be b/(-7) - (-23273)/7. Is (-2)/(-9) + m/63 prime?
True
Is ((-7)/(-4))/((-1)/(-8)) a composite number?
True
Let r(a) = -a**2 - 7*a - 6. Let w be r(-4). Suppose 2*c + w + 0 = 2*s, -3*c - 14 = -4*s. Is 4/c*110/4 composite?
True
Let d = -5 - -10. Suppose -d*t + 727 = -88. Is t a composite number?
False
Suppose 1035 = -7*y + 2848. Is y a prime number?
False
Let w be 100/(-3*4/66). Let p = 802 + w. Let s = p + -166. Is s a prime number?
False
Suppose -6*v = -8*v - 8. Is (158/v)/((-9)/90) a prime number?
False
Let q(u) = u**3 - 5*u**2 - 5*u - 4. Let p be q(6). Suppose 0*r + 4*i + 322 = 2*r, 0 = -p*r - 4*i + 330. Is r a prime number?
True
Let t(x) be the third derivative of x**5/30 + 5*x**3/6 - x**2. Is t(4) a prime number?
True
Suppose -6*i + 2*i + 92 = 0. Is i a prime number?
True
Suppose -2*h = -3*c - 3323, -9022 = -5*h + 2*c - 731. Is h prime?
True
Suppose -5*d + 91 = -4*d. Is d prime?
False
Let i(q) = 38*q - 5. Suppose 3*n - 11 = 4. Is i(n) a prime number?
False
Let g(i) = -2*i - 2. Let q be g(-2). Suppose -q*v + 160 = -0*v. Suppose -5*b + 95 = -v. Is b a prime number?
False
Suppose q - 4 = -12. Let i be ((-8)/6)/(q/36). Is ((-8)/i)/((-4)/18) a composite number?
True
Suppose 3*n = 4*w + 4541, -2*n = -3*w - 380 - 2649. Is n a composite number?
True
Suppose 2*b = 36 + 52. Suppose 0 = l - 4*d - 19, 3*l - 2*d - b = l. Is l a prime number?
True
Is (37/2)/(4/8) composite?
False
Suppose -2*x + 8516 = 2*x. Is x a composite number?
False
Suppose 0 = -4*l + l - 1656. Is 3/((-4)/(l/9)) composite?
True
Let w(a) = 0 + 0 - 1 + 29*a. Let o(i) = 14*i - 1. Let f(l) = -9*o(l) + 4*w(l). Is f(-5) composite?
True
Let g(w) = 4*w + 15. Let o(c) = 11*c + 44. Let l(z) = -8*g(z) + 3*o(z). Let r be l(-8). Suppose 4*k + 0*m - 96 = -r*m, -m = -5. Is k prime?
True
Suppose -4*c - 1173 = -c. Let s = c + 720. Is s a prime number?
False
Let j be (3 + 3 + 105)*-1. Is (-1)/(-1) - (j + 6) composite?
True
Let f(g) = g**2 - 2*g + 6. Let u = 3 - 2. Suppose -5*p + 17 = -4*a, 3*a = 3*p - u - 8. Is f(p) prime?
False
Let q = 103 - -61. Suppose 2*g - 1 = 5. Suppose -q - 103 = -g*o. Is o a composite number?
False
Let k = 3 - -4. Suppose -5*n - p = -610, 5*p - 509 = -k*n + 3*n. Is n a composite number?
True
Let r = 228 + -139. Is r a prime number?
True
Let b(x) = 2*x**2 - 7*x - 6. Is b(7) composite?
False
Suppose 0 = -5*l - 2*u - 0 + 81, 3*l = -3*u + 54. Suppose 3*s + 0*p + l = 4*p, 0 = 5*p. Is (9/s)/(9/(-45)) composite?
True
Suppose -u + 768 + 986 = 0. Is u a composite number?
True
Let g(y) = 31*y**2 - 20 + 20. Is g(-1) composite?
False
Let f(l) = l**3 - 12*l**2 + 10*l + 6. Let u be f(12). Is (1 + u)/((-4)/(-12)) composite?
True
Suppose 0 = 5*j - 3 - 12. Suppose -5*o - 7*a + 300 = -2*a, 0 = j*o + 2*a - 185. Let z = o - 43. Is z composite?
True
Let v be (-12)/(-9)*228/8. Let d = -24 + v. Is d a prime number?
False
Suppose 2*l = 2*c + 96, -94 - 134 = 5*c - 2*l. Let v = 103 + c. Is v a composite number?
False
Let o = 1281 - -1486. Is o a prime number?
True
Suppose 5*k - 585 = -5*g, 0 = 2*g - 3 - 1. Is k composite?
True
Let c(m) = -7*m. Is c(-5) a composite number?
True
Let l = -1414 - -965. Let q = 237 + l. Let v = q + 299. Is v a prime number?
False
Suppose 5*z + b - 293 = 0, 30 + 19 = z + 5*b. Is z composite?
False
Suppose -2*t + t = -4. Suppose 0 = -4*b - u - 84 - 144, t*b + 220 = u. Let z = -21 - b. Is z a composite number?
True
Suppose j - 3*p = 515, -2*p = 2*j - 0*j - 1046. Is j composite?
False
Is 96/(-224) - 10450/(-14) a composite number?
True
Suppose 4*w - 22 - 30 = 0. Let l = w - 5. Is ((-155)/20)/((-2)/l) a composite number?
False
Suppose 6*a - 789 = 3*a. Is a a composite number?
False
Let i be (2 - 0) + -1*26. Is 199/6 + 4/i composite?
True
Suppose -19 = -t + 2*m, -2*t = -m + 1 - 39. Is t a prime number?
True
Let i = 3 + -5. Let x(b) = -6*b - 3. Is x(i) a prime number?
False
Let z = 0 - 0. Let v be z - 5/(10/16). Is (-1)/((-1)/(-2 - v)) prime?
False
Let q be (16/6)/(2/3). Is -3 + (370 - q/(-1)) a prime number?
False
Let x = -2 - -5. Suppose -x*c = 3 - 9. Suppose 2*y = 36 + c. Is y prime?
True
Is (-2924)/(-10) - 9/(-15) composite?
False
Let k(p) = 12*p**2 - 5*p - 7. Is k(-4) a prime number?
False
Let b = -189 - -898. Is b a prime number?
True
Let o = 17 + -9. Let p be (-9)/2*o/(-12). Suppose -3*l + l + 5*c = -91, 150 = p*l - 3*c. Is l prime?
True
Suppose 9*r - 2215 = -2*q + 4*r, 0 = 5*q - 3*r - 5584. Is q a prime number?
False
Let v = 8 + -5. Suppose -w + 2 + 1 = 3*o, 0 = -v*w + 2*o + 20. Is (-4)/w + (-209)/(-3) composite?
True
Let m(p) = -101*p**2 - 13*p + 10. Let a(r) = -34*r**2 - 4*r + 3. Let b(q) = -7*a(q) + 2*m(q). Suppose 0 = y - 4*y + 3. Is b(y) composite?
False
Suppose -4*y - 2050 = -9*y. Suppose z - y = -2*q + 5*z, 0 = -5*q + z + 1016. Is q a composite number?
True
Suppose 4*f + 2 - 14 = 0. Suppose 0*z + f*z - 15 = 0. Suppose -25 - 10 = -z*o. Is o a composite number?
False
Is (1 + (-6295)/(-15))/(6/45) a composite number?
True
Suppose -5*n = 7 - 27. Let i = n + 1. Suppose -156 = -v + i. Is v a prime number?
False
Suppose 2*a = -3*h + 680, -6*h + 2*h - a + 915 = 0. Suppose -2*j + 24 = -h. Is j a composite number?
False
Let u = -3804 + 5537. Is u a composite number?
False
Let i = 61 - -118. Is i a prime number?
True
Let u be (-10)/(-8) + 24/32. Suppose 0 = 5*h - 2*d - 483, u*h - 3*d = 279 - 88. Is h a composite number?
False
Suppose 0 = 5*r + 5*k - 2813 + 33, -4*k = 2*r - 1118. Is r a prime number?
False
Suppose 3*j - 128 = 4*y, 180 = 4*j + y + 3*y. Suppose -j = -t - 3*t. Is t composite?
False
Let b(a) = 13*a + 6. Let d be b(5). Suppose 56 = n - d. Is n prime?
True
Let s = -95 + 358. Is s composite?
False
Suppose 0 = -y - 3*y + 5*h + 1025, -3*y - 5*h + 725 = 0. Suppose 4*n = -2*c + y, 0 = 3*c + 2*c - n - 570. Is c a prime number?
False
Let a(n) = -40*n - 11. Let i be 20/(-6)*60/25. Is a(i) a prime number?
False
Is 332/4*3/3 a prime number?
True
Let k(p) = -20*p - 1. Is k(-1) a prime number?
True
Let t be 1/3*0 - -151. Suppose 1 = -2*p - o, -8*p = -3*p + 3*o + 4. Is t - (p - (-3)/3) a prime number?
True
Suppose -b - 2 = -4, 891 = j - b. Is j a composite number?
True
Is (-929)/(-2)*(13 - 11) prime?
True
Let k be (-10 - 1)/((-1)/13). Let v = k + -16. Is v prime?
True
Let a(r) = -r**3 + 10*r**2 - 8. Let w be a(7). Suppose 2*l + 104 = 2*n, 3*l - 4*l + 3 = 0. Suppose 0 = -2*s + w + n. Is s a prime number?
True
Is (-2)/(18573/(-6189)*1 - -3) a composite number?
False
Let u be (6/(-10))/((-4)/20). Let m(b) = b**u - b + 1 - 2*b**2 - b - 4. Is m(4) a prime number?
False
Let x = 6 + -5. Let p be (-4)/(-2)*x/(-2). Is p/(-2)*19*2 prime?
True
Suppose -3*l - 2*l + a = -1992, -4*a = -4*l + 1600. Is l a prime number?
False
Is 556/3 - (-5)/(-15) a composite number?
True
Let z = -7 + 8. Is 1 + 3*6*z composite?
False
Let l(m) = -m**2 - 5*m + 8. Let v be l(-6). Is (-94)/(-1)*v/4 a composite number?
False
Let t(l) = -333*l. Let a(j) = -501830*j. Let d(p) = 2*a(p) - 3015*t(p). Is d(1) prime?
False
Is 3/(-9)*-3 + 841 a composite number?
True
Suppose -t = -5*t. Suppose 286 = 2*z - t*z. Is z prime?
False
Let g be (0 + 1)/(4 + -5). Is (-2 + -1)*g + 50 a prime number?
True
Let r(f) = -11*f + 2. Let l be r(-2). Let x = l - 5. Is x prime?
True
Let u(d) = 38*d**2 - 6*d + 6. Let c be u(4). Suppose x = 4*m + 345, -5*x + 1167 = -4*m - c. Suppose -3*n + x = 122. Is n prime?
False
Suppose -6*y + 3*y - 3*q = -345, 0 = -5*y + 2*q + 575. Suppose 7*v - 2*v - y = 0. Is v a prime number?
True
Suppose 0 = t + 5, -2 = -3*z + t + 12. Suppose z*m = -3*o + 12, -4*m - 2*o + 14 = 3*o. Is m/3 + 3